st common divisor of r and g?
13
Let m = 320 - 215. Let d = 79 + -91. Let t be 0 - 10*(0 + d/8). What is the greatest common factor of t and m?
15
Let w = -12692 + 14488. Calculate the highest common divisor of w and 8.
4
Suppose -1476548 = -129*s + 1292179. What is the greatest common factor of 127 and s?
127
Let n = 9936 + -3244. Calculate the highest common divisor of n and 56.
28
Let c(f) be the third derivative of f**5/60 - f**4/4 - 95*f**3/6 - 146*f**2. Let n be c(15). Calculate the highest common factor of n and 10.
10
Let u(y) = -y**2 + 8*y - 9. Let a = -34 - -40. Let l be u(a). Suppose f + 622 = 4*d, 0*f + 306 = 2*d - l*f. Calculate the highest common divisor of 12 and d.
12
Suppose -17*z - 1018 = -1222. What is the greatest common factor of z and 376?
4
Let b = 91 + -190. Let z = b - 24. Let y = z - -135. What is the highest common divisor of y and 28?
4
Suppose 66*x - 4232 = 1576. Let k be ((-34)/(-3) + -4)*9. Calculate the greatest common factor of x and k.
22
Let n = -176 - -180. Suppose 42 = 6*s - n*s. What is the highest common divisor of 49 and s?
7
Let u(t) be the second derivative of 10/3*t**3 + 1/12*t**4 + 0 + 25/2*t**2 + 12*t. Let d be u(-20). What is the greatest common divisor of 50 and d?
25
Let l = 1589 - 1564. Let q = -986 + 1461. What is the highest common divisor of q and l?
25
Suppose 52*c = 49*c + 2*s + 21, -33 = -5*c + 3*s. Calculate the highest common factor of 128 and c.
1
Let y = -9012 - -9089. What is the highest common divisor of 110 and y?
11
Suppose 3*v - 40 + 242 = 5*j, 0 = 3*v + 12. Let u = j + -24. Let f be 17/1 + (-62 + 63 - -38). Calculate the highest common factor of u and f.
14
Let b(a) = 4*a + 70. Let t be b(-15). Suppose -f - 92 = -2*x, -3*x = 5*f - 13 - 112. Calculate the highest common divisor of t and x.
5
Let p be (7/(-21))/((-1)/(-51))*-55. Suppose -2278 = -21*k + p. What is the highest common divisor of 18 and k?
9
Let g(k) = -28*k**2 - 154*k + 2. Let w be g(-5). What is the highest common divisor of w and 1176?
24
Suppose 150 = -2*a - 2*t, -3*a = -2*a + 2*t + 73. Let l = 84 + a. Calculate the greatest common divisor of 175 and l.
7
Let r(x) = -3*x**3 - 3*x**2 - 2*x + 1. Let z be r(-2). Let k = z + 63. What is the greatest common factor of 32 and k?
16
Let m(n) be the first derivative of -n**3/3 - 10*n**2 - 41*n - 49. Let x be m(-11). Calculate the highest common factor of x and 261.
29
Suppose 500 = -16*y + 1716. Calculate the highest common divisor of 779 and y.
19
Let l(s) be the second derivative of 53*s**3/6 - 12*s**2 - 39*s - 2. Let a be l(2). What is the highest common factor of 287 and a?
41
Let l(i) = -6*i + 2. Let b be l(-2). Suppose 5*o = -19 - 41. Let m be (o/21)/(1 - (-153)/(-147)). Calculate the highest common factor of m and b.
14
Suppose -f - 210 = -105 - 905. What is the greatest common factor of f and 5?
5
Let w = -33509 + 33597. Calculate the greatest common divisor of 7898 and w.
22
Suppose 497 = 9*p - 412. Let l = p - -7. What is the highest common factor of l and 4?
4
Let l(p) = -507*p - 16. Let n(s) = 102*s + 3. Let i(h) = -2*l(h) - 11*n(h). Let r be i(-3). Calculate the greatest common factor of 19 and r.
19
Suppose 0 = 5*y, 0 = 4*v + y - 0*y + 14 - 190. Calculate the greatest common factor of v and 140.
4
Let f = 4814 + -8210. Let h be 20/(-15) + 2 + f/(-9). What is the greatest common factor of h and 6?
6
Let l = -2573 + 5607. What is the highest common divisor of 164 and l?
82
Suppose 635592*i - 635641*i + 2940 = 0. Let g(u) = 4*u**2 - u + 1. Let h be g(2). Calculate the highest common factor of h and i.
15
Let v be (1 + 19)*(-16600)/(-800). Calculate the greatest common divisor of 145 and v.
5
Let c = 9 - 5. Let w = 538 - 518. Suppose -c*d + w = -204. What is the greatest common factor of d and 7?
7
Suppose 0*i + 180 = -5*d + 4*i, 2*d + 4*i + 72 = 0. Let r be (-17380)/d - 6/(-27). Calculate the greatest common divisor of 21 and r.
21
Suppose 0 = -d + 10 + 6. Let s(p) = 27 + p + 20 - 41 + 23. Let f be s(-5). Calculate the greatest common divisor of d and f.
8
Let t(s) = 14*s**2 - 272*s - 207. Let c be t(25). What is the highest common factor of c and 21?
21
Let s be 13 + (0 + 1)*1. Suppose 1280 + 332 = 13*t. Let v = t - 26. What is the highest common divisor of v and s?
14
Let a = -272 + 487. Suppose -r + 107 = 2*g, 0*g - 4*g - 3*r = -a. Calculate the highest common divisor of 1 and g.
1
Let h be ((-88)/14)/(12/(-42)). Suppose 0 = -h*r + 210 + 780. What is the greatest common divisor of 180 and r?
45
Let u = 275 + -256. Suppose 0 = -5*t + 2*l + 264, 14*l - u*l - 270 = -5*t. What is the greatest common divisor of t and 182?
26
Suppose 52 = -x - l - 3, 0 = -l + 3. Let o = 62 + x. Suppose o*y - 208 = 232. Calculate the highest common divisor of y and 11.
11
Suppose -d + 2*q = -46, q + 25 = -4*q. Let n be ((-316)/6)/((-74)/111). Suppose -78*h = -n*h + d. Calculate the greatest common factor of h and 90.
18
Suppose -c + i + 597 = -0*c, -4*i - 606 = -c. What is the greatest common divisor of c and 54?
54
Suppose 0 = -z - 3*d + 21, -3*d + 93 = 2*z + 3*z. Suppose 450 = -8*n + 13*n. What is the highest common factor of n and z?
18
Suppose -5*k - 45922 = -4*y, 2*k + 29908 = 3*y - 4523. Calculate the highest common divisor of 77 and y.
77
Let b(a) = 50*a**2 - 4*a + 3. Let h be b(2). Let l be (11 + -25 + 5)*20/(-12). Calculate the greatest common divisor of h and l.
15
Let n be (-3)/(((-6)/(-25))/((-24)/30)). Suppose j + 42 - 152 = 0. What is the highest common divisor of j and n?
10
Suppose 0 = 4*f - x - 42, -15*f - 5*x = -18*f + 40. Let a be 1/f*48*30. What is the greatest common divisor of 108 and a?
36
Let w = -839 + 1260. Suppose 2*z + 153 = w. Suppose -z = -5*x - 9. What is the greatest common divisor of 175 and x?
25
Suppose 2*n - 5*i - 301 = 0, 2*n + 118*i - 304 = 120*i. Calculate the highest common divisor of 531 and n.
9
Suppose -127*z = -59*z - 61*z - 13671. What is the greatest common factor of z and 434?
217
Let r = 10324 + -6733. What is the greatest common divisor of 126 and r?
63
Let w(p) = -p**3 + 9*p**2 + 10*p. Let l be w(10). Let f be (13/26)/(1/(126 + l)). What is the highest common factor of 9 and f?
9
Let a be (-4)/1*(-21)/2. Let k = 32078 - 31714. What is the highest common divisor of k and a?
14
Let s(m) = -m**3 - 3*m - 2. Let h be s(-2). Suppose -3*k - 24 = 5*a - 8*a, 3*a = 4*k + 26. Calculate the greatest common divisor of h and a.
6
Suppose 138*j - 7708 = 14696 + 4920. Let b = 18 + 1. Let u be (0 - -1) + -2 + b. What is the highest common divisor of u and j?
18
Let c(q) be the third derivative of q**4/8 + 41*q**3/6 + 5*q**2. Let n be c(-9). Calculate the highest common divisor of 14 and n.
14
Let q = -453 - -454. What is the highest common factor of 1 and q?
1
Suppose -3*i + 13 = -5*y, 4*y + 12*i - 7*i + 40 = 0. Let m be y/(-3)*9 + 3. Calculate the greatest common factor of m and 27.
9
Suppose 13 - 56 = -i. Suppose -3*o + 2213 = 2*g - 7*g, o - 715 = -4*g. What is the greatest common factor of o and i?
43
Let l = 224 + -68. Let p be (l/8)/((-6)/(-8)). Let j be 1/(10/15) + (-1)/(-2). What is the greatest common divisor of j and p?
2
Suppose 353 = 4*d - 5*y, 4*d + 0*y = -4*y + 308. Calculate the greatest common factor of 6 and d.
2
Let o be (-20)/(-130) + 2/((-52)/(-9746)). Suppose h = 5, 2*q - 4*h + 35 = 3*q. What is the highest common divisor of o and q?
15
Let t(o) = 38*o**2 - 1. Let j be t(1). Let c be 3/3 - 1 - 0. Let r be 148 - 4 - (-4 - c). What is the highest common divisor of j and r?
37
Suppose -17*b = 1029 + 824. Let g = b - -115. Calculate the greatest common divisor of g and 42.
6
Suppose -414 = -3*b - 18*y + 15*y, 0 = 4*y - 16. What is the greatest common divisor of b and 1943?
67
Suppose -360 = 6*n - 10*n + 4*t, -5*n + 3*t = -444. Let v(k) = -3*k**2 + 21*k + 2. Let p be v(9). Let h = p + n. What is the highest common divisor of 14 and h?
7
Suppose -14 + 44 = p. Suppose -5405*k + 5407*k + 3*n = 1332, -k + 20*n + 580 = 0. What is the greatest common divisor of k and p?
30
Let t(i) = 214*i - 842. Let o be t(17). What is the greatest common factor of 2563 and o?
233
Let i be (0 - -8)/(4/30). Let s be (-2)/(i/(-94)) + 38/(-285). What is the greatest common factor of 51 and s?
3
Let q = -34 - -36. Suppose 0*m + 5*m + 3*i = 248, 3*m - q*i = 